{"id":11,"date":"2025-08-11T13:10:20","date_gmt":"2025-08-11T13:10:20","guid":{"rendered":"https:\/\/www.centregrat.com\/formacion\/index.php\/finalizar-compra\/"},"modified":"2025-10-15T12:39:28","modified_gmt":"2025-10-15T10:39:28","slug":"finalizar-compra","status":"publish","type":"page","link":"https:\/\/www.centregrat.com\/formacion\/finalizar-compra\/","title":{"rendered":"Finalizar compra"},"content":{"rendered":"\t\t<div data-elementor-type=\"wp-page\" data-elementor-id=\"11\" class=\"elementor elementor-11\" data-elementor-post-type=\"page\">\n\t\t\t\t<div class=\"elementor-element elementor-element-32541de e-flex e-con-boxed e-con e-parent\" data-id=\"32541de\" data-element_type=\"container\" data-e-type=\"container\">\n\t\t\t\t\t<div class=\"e-con-inner\">\n\t\t\t\t<div class=\"elementor-element elementor-element-8fe9724 elementor-widget elementor-widget-heading\" data-id=\"8fe9724\" data-element_type=\"widget\" data-e-type=\"widget\" data-widget_type=\"heading.default\">\n\t\t\t\t\t<h2 class=\"elementor-heading-title elementor-size-default\">Finalizar compra<\/h2>\t\t\t\t<\/div>\n\t\t\t\t<div class=\"elementor-element elementor-element-b0dd1cd e-checkout-layout-two-column elementor-widget elementor-widget-woocommerce-checkout-page\" data-id=\"b0dd1cd\" data-element_type=\"widget\" data-e-type=\"widget\" data-settings=\"{&quot;sticky_right_column&quot;:&quot;yes&quot;}\" data-widget_type=\"woocommerce-checkout-page.default\">\n\t\t\t\t<div class=\"elementor-widget-container\">\n\t\t\t\t\t<div class=\"woocommerce\"><\/div>\t\t\t\t<\/div>\n\t\t\t\t<\/div>\n\t\t\t\t\t<\/div>\n\t\t\t\t<\/div>\n\t\t<div class=\"elementor-element elementor-element-6294313 e-flex e-con-boxed e-con e-parent\" data-id=\"6294313\" data-element_type=\"container\" data-e-type=\"container\">\n\t\t\t\t\t<div class=\"e-con-inner\">\n\t\t\t\t<div class=\"elementor-element elementor-element-d843e39 elementor-widget elementor-widget-html\" data-id=\"d843e39\" data-element_type=\"widget\" data-e-type=\"widget\" data-widget_type=\"html.default\">\n\t\t\t\t\t<script>\r\ndocument.addEventListener('DOMContentLoaded', function() {\r\n    console.log('=== SINCRONIZACI\u00d3N CHECKBOXES MAILCHIMP ===');\r\n    \r\n    const syncCheckboxes = function() {\r\n        const newsletterCheckbox = document.getElementById('mailchimp_woocommerce_newsletter');\r\n        const gdprCheckbox = document.querySelector('input[name=\"mailchimp_woocommerce_gdpr[f0052ebd23]\"][type=\"checkbox\"]');\r\n        \r\n        console.log('Newsletter checkbox:', newsletterCheckbox);\r\n        console.log('GDPR checkbox:', gdprCheckbox);\r\n        \r\n        if (newsletterCheckbox && gdprCheckbox) {\r\n            \/\/ Sincronizar newsletter -> gdpr\r\n            newsletterCheckbox.addEventListener('change', function() {\r\n                console.log('Newsletter cambi\u00f3 a:', this.checked);\r\n                if (gdprCheckbox.checked !== this.checked) {\r\n                    const label = document.querySelector('label[for=\"mailchimp_woocommerce_gdpr[f0052ebd23]\"]');\r\n                    if (label) {\r\n                        label.click();\r\n                    } else {\r\n                        gdprCheckbox.click();\r\n                    }\r\n                    console.log('GDPR sincronizado');\r\n                }\r\n            });\r\n            \r\n            \/\/ Sincronizar gdpr -> newsletter\r\n            gdprCheckbox.addEventListener('change', function() {\r\n                console.log('GDPR cambi\u00f3 a:', this.checked);\r\n                if (newsletterCheckbox.checked !== this.checked) {\r\n                    newsletterCheckbox.checked = this.checked;\r\n                    newsletterCheckbox.dispatchEvent(new Event('change', { bubbles: true }));\r\n                    \r\n                    if (typeof jQuery !== 'undefined') {\r\n                        jQuery(newsletterCheckbox).trigger('change');\r\n                    }\r\n                    console.log('Newsletter sincronizado');\r\n                }\r\n            });\r\n            \r\n            console.log('\u2713 Sincronizaci\u00f3n configurada correctamente');\r\n        } else {\r\n            console.log('\u2717 No se encontraron ambos checkboxes');\r\n        }\r\n    };\r\n    \r\n    \/\/ Intentar configurar despu\u00e9s de que cargue todo\r\n    setTimeout(syncCheckboxes, 2000);\r\n    \r\n    \/\/ Tambi\u00e9n despu\u00e9s de cada actualizaci\u00f3n del checkout\r\n    if (typeof jQuery !== 'undefined') {\r\n        jQuery(document.body).on('updated_checkout', function() {\r\n            console.log('--- Checkout actualizado, reconfigurando sincronizaci\u00f3n ---');\r\n            setTimeout(syncCheckboxes, 800);\r\n        });\r\n    }\r\n});\r\n<\/script>\t\t\t\t<\/div>\n\t\t\t\t\t<\/div>\n\t\t\t\t<\/div>\n\t\t\t\t<\/div>\n\t\t","protected":false},"excerpt":{"rendered":"<p>Finalizar compra Detalles de facturaci\u00f3n Nombre&nbsp;* Apellidos&nbsp;* NIF\/CIF\/NIE&nbsp;* Pa\u00eds \/ Regi\u00f3n&nbsp;*Selecciona un pa\u00eds\/regi\u00f3n&hellip;Afganist\u00e1nAlbaniaAlemaniaAndorraAngolaAnguilaAnt\u00e1rtidaAntigua y BarbudaArabia SauditaArgeliaArgentinaArmeniaArubaAustraliaAustriaAzerbaijanBahamasBahrainBangladeshBarbadosBelauB\u00e9lgicaBelizeBeninBermudaBhutanBielorrusiaBirmaniaBoliviaBonaire, San Eustaquio y SabaBosnia y HerzegovinaBotswanaBrasilBrun\u00e9iBulgariaBurkina FasoBurundiCabo VerdeCamboyaCamer\u00fanCanad\u00e1ChadChileChinaChipreCiudad del VaticanoColombiaComorasCongo (Brazzaville)Congo (Kinshasa)Corea del NorteCorea del SurCosta de MarfilCosta RicaCroaciaCubaCura&ccedil;aoDinamarcaDjiboutiDominicaEcuadorEgiptoEl SalvadorEmiratos \u00c1rabes UnidosEritreaEslovaquiaEsloveniaEspa\u00f1aEstados Unidos (EEUU)EstoniaEsuatiniEtiop\u00edaFilipinasFinlandiaFiyiFranciaGab\u00f3nGambiaGeorgiaGhanaGibraltarGranadaGreciaGroenlandiaGuadalupeGuamGuatemalaGuayana FrancesaGuernseyGuineaGuinea EcuatorialGuinea-Bis\u00e1uGuyanaHait\u00edHondurasHong KongHungr\u00edaIndiaIndonesiaIrakIr\u00e1nIrlandaIsla BouvetIsla de ManIsla de NavidadIsla NorfolkIsla Santa ElenaIslandiaIslas \u00c5landIslas Caim\u00e1nIslas CocosIslas CookIslas [&hellip;]<\/p>\n","protected":false},"author":1,"featured_media":0,"parent":0,"menu_order":0,"comment_status":"closed","ping_status":"closed","template":"","meta":{"footnotes":""},"class_list":["post-11","page","type-page","status-publish","hentry"],"_links":{"self":[{"href":"https:\/\/www.centregrat.com\/formacion\/wp-json\/wp\/v2\/pages\/11","targetHints":{"allow":["GET"]}}],"collection":[{"href":"https:\/\/www.centregrat.com\/formacion\/wp-json\/wp\/v2\/pages"}],"about":[{"href":"https:\/\/www.centregrat.com\/formacion\/wp-json\/wp\/v2\/types\/page"}],"author":[{"embeddable":true,"href":"https:\/\/www.centregrat.com\/formacion\/wp-json\/wp\/v2\/users\/1"}],"replies":[{"embeddable":true,"href":"https:\/\/www.centregrat.com\/formacion\/wp-json\/wp\/v2\/comments?post=11"}],"version-history":[{"count":63,"href":"https:\/\/www.centregrat.com\/formacion\/wp-json\/wp\/v2\/pages\/11\/revisions"}],"predecessor-version":[{"id":613,"href":"https:\/\/www.centregrat.com\/formacion\/wp-json\/wp\/v2\/pages\/11\/revisions\/613"}],"wp:attachment":[{"href":"https:\/\/www.centregrat.com\/formacion\/wp-json\/wp\/v2\/media?parent=11"}],"curies":[{"name":"wp","href":"https:\/\/api.w.org\/{rel}","templated":true}]}}