{"id":227,"date":"2025-09-10T18:53:58","date_gmt":"2025-09-10T16:53:58","guid":{"rendered":"https:\/\/www.centregrat.com\/formacion\/producto\/tratamiento-psicologico-del-trastorno-limite-de-personalidad\/"},"modified":"2025-12-15T16:17:05","modified_gmt":"2025-12-15T15:17:05","slug":"tratamiento-psicologico-del-trastorno-limite-de-personalidad","status":"publish","type":"product","link":"https:\/\/www.centregrat.com\/formacion\/producto\/tratamiento-psicologico-del-trastorno-limite-de-personalidad\/","title":{"rendered":"Tratamiento Psicol\u00f3gico del Trastorno L\u00edmite de Personalidad"},"content":{"rendered":"","protected":false},"excerpt":{"rendered":"<div class=\"wpb_text_column wpb_content_element \">\n<div class=\"wpb_wrapper\">\n<p>Puedes realizar el curso en diferido, visualizando la grabaci\u00f3n de la \u00faltima edici\u00f3n y con las diapositivas. La pr\u00f3xima edici\u00f3n en directo ser\u00e1 para el 2027. Rellena el <a href=\"https:\/\/www.centregrat.com\/es\/curso-tratamiento-psicologico-del-trastorno-limite-de-la-personalidad\/\" target=\"_blank\" rel=\"noopener\">formulario<\/a> y te avisaremos cuando tengamos las fechas confirmadas.<\/p>\n<\/div>\n<\/div>\n<div class=\"vc_empty_space\"><\/div>\n","protected":false},"featured_media":238,"comment_status":"open","ping_status":"closed","template":"","meta":[],"product_brand":[],"product_cat":[26,25],"product_tag":[],"class_list":{"0":"post-227","1":"product","2":"type-product","3":"status-publish","4":"has-post-thumbnail","6":"product_cat-diferido","7":"product_cat-online","9":"first","10":"instock","11":"sold-individually","12":"taxable","13":"shipping-taxable","14":"purchasable","15":"product-type-variable"},"_links":{"self":[{"href":"https:\/\/www.centregrat.com\/formacion\/wp-json\/wp\/v2\/product\/227","targetHints":{"allow":["GET"]}}],"collection":[{"href":"https:\/\/www.centregrat.com\/formacion\/wp-json\/wp\/v2\/product"}],"about":[{"href":"https:\/\/www.centregrat.com\/formacion\/wp-json\/wp\/v2\/types\/product"}],"replies":[{"embeddable":true,"href":"https:\/\/www.centregrat.com\/formacion\/wp-json\/wp\/v2\/comments?post=227"}],"wp:featuredmedia":[{"embeddable":true,"href":"https:\/\/www.centregrat.com\/formacion\/wp-json\/wp\/v2\/media\/238"}],"wp:attachment":[{"href":"https:\/\/www.centregrat.com\/formacion\/wp-json\/wp\/v2\/media?parent=227"}],"wp:term":[{"taxonomy":"product_brand","embeddable":true,"href":"https:\/\/www.centregrat.com\/formacion\/wp-json\/wp\/v2\/product_brand?post=227"},{"taxonomy":"product_cat","embeddable":true,"href":"https:\/\/www.centregrat.com\/formacion\/wp-json\/wp\/v2\/product_cat?post=227"},{"taxonomy":"product_tag","embeddable":true,"href":"https:\/\/www.centregrat.com\/formacion\/wp-json\/wp\/v2\/product_tag?post=227"}],"curies":[{"name":"wp","href":"https:\/\/api.w.org\/{rel}","templated":true}]}}