{"id":248,"date":"2025-09-10T18:53:58","date_gmt":"2025-09-10T16:53:58","guid":{"rendered":"https:\/\/www.centregrat.com\/formacion\/?post_type=product&#038;p=248"},"modified":"2026-03-04T13:38:03","modified_gmt":"2026-03-04T12:38:03","slug":"intervencion-emocional-breve-en-psicoterapia-con-adultos-estrategias-tacticas-y-tecnicas-curso-vivencial","status":"publish","type":"product","link":"https:\/\/www.centregrat.com\/formacion\/producto\/intervencion-emocional-breve-en-psicoterapia-con-adultos-estrategias-tacticas-y-tecnicas-curso-vivencial\/","title":{"rendered":"Intervenci\u00f3n Emocional Breve en Psicoterapia con Adultos: Estrategias, t\u00e1cticas y t\u00e9cnicas. Curso Vivencial."},"content":{"rendered":"<div class=\"wpb_text_column wpb_content_element \">\n<div class=\"wpb_wrapper\">\n<h3>CURSO PRESENCIAL en Barcelona<\/h3>\n<\/div>\n<\/div>\n<div class=\"wpb_text_column wpb_content_element \">\n<div class=\"wpb_wrapper\">\n<div class=\"wpb_text_column wpb_content_element \">\n<div class=\"wpb_wrapper\">\n<p>6, 7, 20 y 21 de marzo del 2026. Viernes de 15:00 a 20:00 y S\u00e1bados de 9:00 a 14:00.<\/p>\n<\/div>\n<\/div>\n<\/div>\n<\/div>\n","protected":false},"excerpt":{"rendered":"<div class=\"wpb_text_column wpb_content_element \">\n<div class=\"wpb_wrapper\">\n<p>6, 7, 20 y 21 de marzo del 2026. Viernes de 15:00 a 20:00 y S\u00e1bados de 9:00 a 14:00.<\/p>\n<\/div>\n<\/div>\n","protected":false},"featured_media":237,"comment_status":"open","ping_status":"closed","template":"","meta":[],"product_brand":[],"product_cat":[27],"product_tag":[],"class_list":{"0":"post-248","1":"product","2":"type-product","3":"status-publish","4":"has-post-thumbnail","6":"product_cat-presencial","8":"first","9":"instock","10":"sold-individually","11":"taxable","12":"shipping-taxable","13":"purchasable","14":"product-type-variable"},"_links":{"self":[{"href":"https:\/\/www.centregrat.com\/formacion\/wp-json\/wp\/v2\/product\/248","targetHints":{"allow":["GET"]}}],"collection":[{"href":"https:\/\/www.centregrat.com\/formacion\/wp-json\/wp\/v2\/product"}],"about":[{"href":"https:\/\/www.centregrat.com\/formacion\/wp-json\/wp\/v2\/types\/product"}],"replies":[{"embeddable":true,"href":"https:\/\/www.centregrat.com\/formacion\/wp-json\/wp\/v2\/comments?post=248"}],"wp:featuredmedia":[{"embeddable":true,"href":"https:\/\/www.centregrat.com\/formacion\/wp-json\/wp\/v2\/media\/237"}],"wp:attachment":[{"href":"https:\/\/www.centregrat.com\/formacion\/wp-json\/wp\/v2\/media?parent=248"}],"wp:term":[{"taxonomy":"product_brand","embeddable":true,"href":"https:\/\/www.centregrat.com\/formacion\/wp-json\/wp\/v2\/product_brand?post=248"},{"taxonomy":"product_cat","embeddable":true,"href":"https:\/\/www.centregrat.com\/formacion\/wp-json\/wp\/v2\/product_cat?post=248"},{"taxonomy":"product_tag","embeddable":true,"href":"https:\/\/www.centregrat.com\/formacion\/wp-json\/wp\/v2\/product_tag?post=248"}],"curies":[{"name":"wp","href":"https:\/\/api.w.org\/{rel}","templated":true}]}}