{"id":256,"date":"2025-09-09T14:52:03","date_gmt":"2025-09-09T14:52:03","guid":{"rendered":"https:\/\/www.centregrat.com\/formacion\/?post_type=product&#038;p=256"},"modified":"2025-12-17T11:22:13","modified_gmt":"2025-12-17T10:22:13","slug":"pildoras-de-terapia-infantil-cursos-de-3h-sobre-como-abordar-problematicas-concretas-en-terapia-infantil-pack-4","status":"publish","type":"product","link":"https:\/\/www.centregrat.com\/formacion\/producto\/pildoras-de-terapia-infantil-cursos-de-3h-sobre-como-abordar-problematicas-concretas-en-terapia-infantil-pack-4\/","title":{"rendered":"P\u00edldoras de Terapia Infantil: Cursos de 3h sobre c\u00f3mo abordar problem\u00e1ticas concretas en Terapia Infantil (PACK DE 4)"},"content":{"rendered":"","protected":false},"excerpt":{"rendered":"","protected":false},"featured_media":257,"comment_status":"open","ping_status":"closed","template":"","meta":[],"product_brand":[],"product_cat":[25],"product_tag":[],"class_list":{"0":"post-256","1":"product","2":"type-product","3":"status-publish","4":"has-post-thumbnail","6":"product_cat-online","8":"first","9":"instock","10":"virtual","11":"sold-individually","12":"taxable","13":"product-type-woosb"},"_links":{"self":[{"href":"https:\/\/www.centregrat.com\/formacion\/wp-json\/wp\/v2\/product\/256","targetHints":{"allow":["GET"]}}],"collection":[{"href":"https:\/\/www.centregrat.com\/formacion\/wp-json\/wp\/v2\/product"}],"about":[{"href":"https:\/\/www.centregrat.com\/formacion\/wp-json\/wp\/v2\/types\/product"}],"replies":[{"embeddable":true,"href":"https:\/\/www.centregrat.com\/formacion\/wp-json\/wp\/v2\/comments?post=256"}],"wp:featuredmedia":[{"embeddable":true,"href":"https:\/\/www.centregrat.com\/formacion\/wp-json\/wp\/v2\/media\/257"}],"wp:attachment":[{"href":"https:\/\/www.centregrat.com\/formacion\/wp-json\/wp\/v2\/media?parent=256"}],"wp:term":[{"taxonomy":"product_brand","embeddable":true,"href":"https:\/\/www.centregrat.com\/formacion\/wp-json\/wp\/v2\/product_brand?post=256"},{"taxonomy":"product_cat","embeddable":true,"href":"https:\/\/www.centregrat.com\/formacion\/wp-json\/wp\/v2\/product_cat?post=256"},{"taxonomy":"product_tag","embeddable":true,"href":"https:\/\/www.centregrat.com\/formacion\/wp-json\/wp\/v2\/product_tag?post=256"}],"curies":[{"name":"wp","href":"https:\/\/api.w.org\/{rel}","templated":true}]}}